{"id":286,"date":"2021-02-03T18:39:22","date_gmt":"2021-02-03T18:39:22","guid":{"rendered":"https:\/\/laconciergeriedefrancoise.com\/?page_id=286"},"modified":"2025-01-03T17:30:03","modified_gmt":"2025-01-03T17:30:03","slug":"qui-suis-je","status":"publish","type":"page","link":"https:\/\/laconciergeriedefrancoise.com\/?page_id=286","title":{"rendered":"A propos"},"content":{"rendered":"\t\t<div data-elementor-type=\"wp-page\" data-elementor-id=\"286\" class=\"elementor elementor-286\">\n\t\t\t\t\t\t<section class=\"elementor-section elementor-top-section elementor-element elementor-element-fcae589 elementor-section-boxed elementor-section-height-default elementor-section-height-default\" data-id=\"fcae589\" data-element_type=\"section\">\n\t\t\t\t\t\t<div class=\"elementor-container elementor-column-gap-default\">\n\t\t\t\t\t<div class=\"elementor-column elementor-col-100 elementor-top-column elementor-element elementor-element-e550958\" data-id=\"e550958\" data-element_type=\"column\">\n\t\t\t<div class=\"elementor-widget-wrap elementor-element-populated\">\n\t\t\t\t\t\t<div class=\"elementor-element elementor-element-ae96465 elementor-widget elementor-widget-heading\" data-id=\"ae96465\" data-element_type=\"widget\" data-widget_type=\"heading.default\">\n\t\t\t\t<div class=\"elementor-widget-container\">\n\t\t\t\t\t<h4 class=\"elementor-heading-title elementor-size-default\">A propos<\/h4>\t\t\t\t<\/div>\n\t\t\t\t<\/div>\n\t\t\t\t\t<\/div>\n\t\t<\/div>\n\t\t\t\t\t<\/div>\n\t\t<\/section>\n\t\t\t\t<section class=\"elementor-section elementor-top-section elementor-element elementor-element-707784b elementor-section-full_width elementor-section-height-default elementor-section-height-default\" data-id=\"707784b\" data-element_type=\"section\">\n\t\t\t\t\t\t<div class=\"elementor-container elementor-column-gap-default\">\n\t\t\t\t\t<div class=\"elementor-column elementor-col-33 elementor-top-column elementor-element elementor-element-52760c1\" data-id=\"52760c1\" data-element_type=\"column\">\n\t\t\t<div class=\"elementor-widget-wrap elementor-element-populated\">\n\t\t\t\t\t\t<div class=\"elementor-element elementor-element-d3f6480 elementor-widget elementor-widget-image\" data-id=\"d3f6480\" data-element_type=\"widget\" data-widget_type=\"image.default\">\n\t\t\t\t<div class=\"elementor-widget-container\">\n\t\t\t\t\t\t\t\t\t\t\t\t\t\t\t<img fetchpriority=\"high\" decoding=\"async\" width=\"300\" height=\"300\" src=\"https:\/\/laconciergeriedefrancoise.com\/wp-content\/uploads\/2021\/02\/francoise-rond-300x300.jpg\" class=\"attachment-medium size-medium wp-image-345\" alt=\"\" srcset=\"https:\/\/laconciergeriedefrancoise.com\/wp-content\/uploads\/2021\/02\/francoise-rond-300x300.jpg 300w, https:\/\/laconciergeriedefrancoise.com\/wp-content\/uploads\/2021\/02\/francoise-rond-150x150.jpg 150w, https:\/\/laconciergeriedefrancoise.com\/wp-content\/uploads\/2021\/02\/francoise-rond.jpg 378w\" sizes=\"(max-width: 300px) 100vw, 300px\" style=\"width:100%;height:100%;max-width:378px\" \/>\t\t\t\t\t\t\t\t\t\t\t\t\t\t\t<\/div>\n\t\t\t\t<\/div>\n\t\t\t\t<div class=\"elementor-element elementor-element-7d4aee9 elementor-widget elementor-widget-heading\" data-id=\"7d4aee9\" data-element_type=\"widget\" data-widget_type=\"heading.default\">\n\t\t\t\t<div class=\"elementor-widget-container\">\n\t\t\t\t\t<h2 class=\"elementor-heading-title elementor-size-medium\">Fran\u00e7oise<\/h2>\t\t\t\t<\/div>\n\t\t\t\t<\/div>\n\t\t\t\t\t<\/div>\n\t\t<\/div>\n\t\t\t\t<div class=\"elementor-column elementor-col-66 elementor-top-column elementor-element elementor-element-4186269\" data-id=\"4186269\" data-element_type=\"column\">\n\t\t\t<div class=\"elementor-widget-wrap elementor-element-populated\">\n\t\t\t\t\t\t<div class=\"elementor-element elementor-element-0a330fc elementor-widget elementor-widget-text-editor\" data-id=\"0a330fc\" data-element_type=\"widget\" data-widget_type=\"text-editor.default\">\n\t\t\t\t<div class=\"elementor-widget-container\">\n\t\t\t\t\t\t\t\t\t<p>Retrait\u00e9e active, <strong>aimant le contact et la vie sociale<\/strong>, j\u2019ai cr\u00e9\u00e9 cette activit\u00e9 au d\u00e9part pour quelques amis propri\u00e9taires.<\/p><p>Je propose un service de conciergerie de A \u00e0 Z pour rentabiliser votre h\u00e9bergement et offrir une exp\u00e9rience et un <strong>s\u00e9jour inoubliable \u00e0 vos clients.<\/strong><\/p><p>Vos h\u00f4tes, visiteurs d\u2019Aix en Provence appr\u00e9cieront ma disponibilit\u00e9 et <strong>ma<\/strong> <strong>connaissance de notre charmante \u00a0ville, pleine de caract\u00e8re historique.<\/strong><\/p><p>J\u2019habite le centre ancien, suis de famille proven\u00e7ale. Je mets \u00e0 l\u2019aise vos h\u00f4tes en leur pr\u00e9sentant les services et agr\u00e9ments situ\u00e9s \u00e0 proximit\u00e9\u00a0: restaurants, commerces, march\u00e9s, lieux culturels etc\u2026<\/p><p>Si vous le souhaitez, je propose <strong>promenades et visites de la ville et de ses environs.<\/strong> (Comment\u00e9es en Fran\u00e7ais ou en Anglais)<\/p><p>Je travaille avec des professionnels partenaires ce qui permet de r\u00e9pondre \u00e0 toutes les attentes des locataires. Si les clients sont satisfaits, c&rsquo;est un avantage pour les h\u00f4tes.<\/p>\t\t\t\t\t\t\t\t<\/div>\n\t\t\t\t<\/div>\n\t\t\t\t\t<\/div>\n\t\t<\/div>\n\t\t\t\t\t<\/div>\n\t\t<\/section>\n\t\t\t\t<\/div>\n\t\t","protected":false},"excerpt":{"rendered":"<p>A propos Fran\u00e7oise Retrait\u00e9e active, aimant le contact et la vie sociale, j\u2019ai cr\u00e9\u00e9 cette activit\u00e9 au d\u00e9part pour quelques amis propri\u00e9taires. Je propose un service de conciergerie de A \u00e0 Z pour rentabiliser votre h\u00e9bergement et offrir une exp\u00e9rience et un s\u00e9jour inoubliable \u00e0 vos clients. Vos h\u00f4tes, visiteurs d\u2019Aix en Provence appr\u00e9cieront ma&hellip; <a class=\"more-link\" href=\"https:\/\/laconciergeriedefrancoise.com\/?page_id=286\">Poursuivre la lecture <span class=\"screen-reader-text\">A propos<\/span><\/a><\/p>\n","protected":false},"author":1,"featured_media":0,"parent":0,"menu_order":0,"comment_status":"closed","ping_status":"closed","template":"elementor_header_footer","meta":{"footnotes":""},"class_list":["post-286","page","type-page","status-publish","hentry","entry"],"_links":{"self":[{"href":"https:\/\/laconciergeriedefrancoise.com\/index.php?rest_route=\/wp\/v2\/pages\/286","targetHints":{"allow":["GET"]}}],"collection":[{"href":"https:\/\/laconciergeriedefrancoise.com\/index.php?rest_route=\/wp\/v2\/pages"}],"about":[{"href":"https:\/\/laconciergeriedefrancoise.com\/index.php?rest_route=\/wp\/v2\/types\/page"}],"author":[{"embeddable":true,"href":"https:\/\/laconciergeriedefrancoise.com\/index.php?rest_route=\/wp\/v2\/users\/1"}],"replies":[{"embeddable":true,"href":"https:\/\/laconciergeriedefrancoise.com\/index.php?rest_route=%2Fwp%2Fv2%2Fcomments&post=286"}],"version-history":[{"count":85,"href":"https:\/\/laconciergeriedefrancoise.com\/index.php?rest_route=\/wp\/v2\/pages\/286\/revisions"}],"predecessor-version":[{"id":2168,"href":"https:\/\/laconciergeriedefrancoise.com\/index.php?rest_route=\/wp\/v2\/pages\/286\/revisions\/2168"}],"wp:attachment":[{"href":"https:\/\/laconciergeriedefrancoise.com\/index.php?rest_route=%2Fwp%2Fv2%2Fmedia&parent=286"}],"curies":[{"name":"wp","href":"https:\/\/api.w.org\/{rel}","templated":true}]}}